-q = -j - 21. What is the greatest common factor of j and 5?
5
Let c = 65 - 67. Let t be 1/((-4)/96*c/2). What is the greatest common factor of t and 24?
24
Suppose -5*j + j + 5*r + 149 = 0, 3*j - 106 = -2*r. Calculate the greatest common divisor of j and 48.
12
Let c(g) = g**3 + 2*g**2 - 33*g + 1. Let x be c(-6). Suppose -2*f = -f - 11. What is the highest common divisor of f and x?
11
Let i be -8*-2*((-9)/(-2) - 3). Suppose 4*q - 116 = -4*z, z - 5*q - i = -q. Suppose -5*d + 7 = -28. Calculate the highest common factor of z and d.
7
Suppose 2*w - 80 = 3*b, -2*w = w + 2*b - 120. Let d(i) = -i + 2. Let f = -57 - -43. Let n be d(f). Calculate the highest common factor of w and n.
8
Let j(v) = 8*v + 8. Let p be (20/35)/(2/35). Let g be j(p). Calculate the highest common factor of g and 11.
11
Let a(l) = -2*l**3 + l**2 - 1. Let w be a(-1). Suppose -2*x = r + w*x - 67, -3*x = -4*r + 230. Let z = r + -40. What is the highest common factor of 209 and z?
19
Suppose -5*c + 3*l + 125 = 0, 3*l = 5*c - c - 97. What is the highest common divisor of c and 14?
14
Suppose 30*b - 144*b = -1824. Suppose 224 = 3*g - g. What is the greatest common divisor of b and g?
16
Let g be 69/3 - (-4 - (4 + -7)). Calculate the greatest common factor of 216 and g.
24
Let h(d) = 5*d. Let l be h(6). Let o = l - 34. Let m be 2 + (-3 - o - -27). What is the greatest common factor of 10 and m?
10
Suppose 0*v = 5*v + h - 22, 3*v - 5*h = 2. Suppose 10 = 5*l - 5*j, 7 = l - 2*l + v*j. Let g be 60/l*2/6. What is the greatest common factor of g and 1?
1
Suppose -5*h = -49 - 6. Calculate the greatest common divisor of h and 33.
11
Let y be 273/(-28)*((-16)/6 - 0). Suppose 325 = -17*d + 22*d. Calculate the greatest common factor of y and d.
13
Let b(q) = -q + 55. Let x(s) = s - 56. Let m(a) = 4*b(a) + 3*x(a). Let g be m(0). What is the highest common divisor of 13 and g?
13
Suppose 3*c - 6 = 0, -15 - 14 = -5*b + 3*c. What is the greatest common divisor of 469 and b?
7
Suppose 353 - 101 = 4*r. Let k = -4 - -139. Suppose k = 7*t - 159. What is the greatest common divisor of r and t?
21
Let y = -356 + 366. What is the highest common divisor of 4 and y?
2
Let t be 2/1 + 40 + 72/8. What is the highest common divisor of t and 85?
17
Suppose -2*w - 41 = -3*p, -p - 8*w - 9 = -3*w. Calculate the highest common divisor of 2519 and p.
11
Suppose 3*t - 4*p + 6 = 0, 2 = -2*t + 3*p - 3. Let d(f) = f**2 - 7. Let r be d(-5). What is the highest common factor of t and r?
2
Suppose 4620 = 13*a + 9*a. Calculate the highest common factor of a and 280.
70
Let o(v) = 7*v - 17. Let y be o(9). Suppose 7*l = -3*h + 4*l + 48, -3*h + y = 2*l. Calculate the greatest common factor of 126 and h.
14
Let c(t) = -t**2 - 7*t - 7. Let p be c(-5). Suppose 2*m - x + 28 = 7*m, -p*x = m. Let a be -9*1*(-2)/m. Calculate the greatest common factor of 24 and a.
3
Let s(w) = 2*w + 32. Let h be s(-5). What is the greatest common divisor of h and 2816?
22
Suppose 742 = 8*a - a. Let h be (0 - -2) + -2*a/(-4). What is the highest common divisor of h and 5?
5
Suppose -b + a = -44, 0 = 4*b + 3*a + 1 - 163. Let d = -40 + b. Calculate the highest common divisor of 2 and d.
2
Let x = 38 - 8. Let g(s) = 2*s**2 - 14*s. Let l be 10/2 + -3 - (3 - 13). Let i be g(l). What is the greatest common divisor of i and x?
30
Let g be (-324)/30*-2*(-40)/(-12). What is the highest common divisor of 60 and g?
12
Let j be 9 + (-3 - (8 - (-25)/(-5))). Suppose 0 = 5*t + 2*c - 167, t - c - 37 = -5*c. What is the greatest common divisor of j and t?
3
Let n = 0 - 9. Let p be 44/198 - 70/n. What is the greatest common factor of p and 72?
8
Let g be (2 + (2 - 6))*(-114)/12. What is the highest common factor of 380 and g?
19
Let t be ((-5)/(-7))/(2/14). Suppose v + 4 = m, 4*m - t*v - 1 - 11 = 0. Calculate the highest common divisor of 8 and m.
8
Let g(t) = t + 2. Let i be g(-1). Let s be i + 66 + (-3)/1. What is the highest common factor of s and 8?
8
Let g(r) = -r + 14. Let n be g(10). Suppose m + n*m - 160 = 0. Calculate the greatest common divisor of 160 and m.
32
Let b(y) = 7*y**2 - 42*y - 10. Let o be b(-5). Calculate the highest common factor of o and 225.
75
Let b(d) = 5*d + 16. Let g be b(-8). Let u be 4*(g + -2)*-1. Calculate the highest common divisor of 26 and u.
26
Suppose -x - 97 = -5*b - 2*x, -2*x = -b + 26. What is the greatest common factor of 320 and b?
20
Let w(q) = q**2 + 9*q + 10. Suppose -6*i + 12 = 210. Let m = i + 24. Let n be w(m). Calculate the highest common factor of n and 10.
10
Let m = 3882 + -1982. What is the highest common divisor of m and 76?
76
Let s be ((-7)/(-4))/((-3)/(-24)). Suppose -u = -0*u + 4*l - s, -5*u = -l - 91. Calculate the greatest common factor of u and 27.
9
Suppose -48*a - 480 = -60*a. Suppose -6 - 6 = -3*g. What is the highest common factor of g and a?
4
Let f be ((-12)/45)/(32/48)*-6040. What is the greatest common factor of 16 and f?
16
Suppose g = -5*d + 154 + 48, -5*d - 4*g + 193 = 0. Let s = 42 - d. What is the greatest common divisor of 7 and s?
1
Suppose 17955 = 59*k + 4*k. Calculate the greatest common divisor of 57 and k.
57
Let k(d) = -6*d + 147. Let j be k(14). Calculate the greatest common factor of 72 and j.
9
Let m(u) = -u**3 + 39*u**2 + 221*u - 30. Let h be m(44). Let j = -5 - -7. Suppose 0 = -j*d + 5*d - 378. Calculate the highest common divisor of h and d.
14
Suppose -3*h = -4*h + 261. Suppose 10 = -2*q - 3*q, -4*b - 5*q - 98 = 0. Let t = 51 + b. Calculate the highest common divisor of t and h.
29
Let w(q) = 2*q**2 + 2*q. Let l be w(2). Suppose 0 = 14*x - 10*x - 12, -4*x - 60 = -2*k. Calculate the highest common divisor of l and k.
12
Let l = -56 - -238. Calculate the highest common divisor of l and 14.
14
Let z be (-9)/(-6 + -1 - (-9724)/1408). What is the greatest common factor of z and 480?
96
Suppose 4*c = 3*c + 136. Let l = 3 + 1. Suppose -d + l*d - 51 = 0. What is the highest common factor of d and c?
17
Let a(x) = 10*x + 544. Let m be a(-46). What is the greatest common factor of 12 and m?
12
Let k(a) = a**3 + 18*a**2 + 13*a - 28. Let l be k(-14). Calculate the greatest common divisor of 82 and l.
82
Let o be 70/50 - 6/(-10). Let u(z) = 7*z + 1. Let b be u(o). What is the highest common divisor of b and 120?
15
Let l = -163 - -488. What is the highest common divisor of l and 130?
65
Let u = -215 + 413. Let x be 3*5*(-35)/(2275/(-78)). Calculate the highest common factor of u and x.
18
Suppose 12*v = 18680 + 412. Calculate the greatest common divisor of 37 and v.
37
Let b(x) = -2*x**2 - 36*x - 38. Let u be b(-14). Calculate the highest common factor of 185 and u.
37
Suppose -2*s - 3*s + 48 = -3*f, -5*s + 68 = 2*f. Let l = s - 7. Suppose -g - 2*x + l = -0*g, -3*x + 20 = 4*g. Calculate the greatest common factor of g and 5.
5
Let b be (12/(-5))/(2/(-45)). Let j be (-1 + -2)/((-2)/2). Let s be (j/5)/(4/60). What is the greatest common factor of b and s?
9
Let n be -2*((-483)/2)/7. Suppose -t + 4 = 2, -3*b + 4*t + 61 = 0. Calculate the greatest common divisor of n and b.
23
Let p be (-11)/33*9 - -26. Calculate the greatest common factor of p and 2369.
23
Suppose 0 = -2*d + 2*f - 240, -4*d - 4*f = -7*d - 365. Let g = 205 + d. Calculate the highest common factor of 10 and g.
10
Let n(j) = j**2 - 10*j - 13. Let o be n(12). Suppose 3*x - 7*x + 16 = 0. Let v be (20/6)/(x/66). Calculate the highest common divisor of o and v.
11
Let a = -505 + 523. What is the greatest common divisor of 1314 and a?
18
Let s(i) be the first derivative of i**3/3 - 22*i + 16. Let b be s(7). What is the greatest common divisor of b and 6?
3
Suppose -19*t + 136 = -15*t. Suppose 2 = j, u - j - t = -3*j. Calculate the greatest common divisor of 60 and u.
30
Let p = -82 + 85. Suppose 0 = -2*v - p*v + 5*j, 3*v - 5*j = -2. What is the highest common divisor of v and 1?
1
Let r(w) = -29 + 7 + 17*w + w**2 + 10. Let j be r(-22). Calculate the highest common factor of 14 and j.
14
Suppose -5*m - 5 = 7*i - 2*i, 5*i + 8 = -4*m. Suppose -483 = 3*v - 492. Calculate the greatest common factor of m and v.
3
Let z(p) = -121*p - 29. Let v be z(-2). Calculate the highest common factor of 3 and v.
3
Let k(n) = -n**2 - 7*n + 7. Let b be k(-6). Let x be 1/(1/((-12)/(-3))). Let v be (117/x)/(12/32). Calculate the highest common divisor of